6, what is 3d8 + -5?
3d3
In base 2, what is 10101011100 + 11?
10101011111
In base 7, what is 5061 + -6?
5052
In base 8, what is -2275 + -14?
-2311
In base 8, what is -6243 - -3?
-6240
In base 9, what is 15 - -33?
48
In base 9, what is -3 - -256?
253
In base 14, what is -2b - -1dc?
1b1
In base 10, what is -413 + -3?
-416
In base 11, what is 1a8 - -8?
205
In base 8, what is 3 + 120?
123
In base 6, what is -20 - -10?
-10
In base 11, what is 89 - -381?
45a
In base 7, what is -113 + -251?
-364
In base 2, what is -100 + -1010110?
-1011010
In base 5, what is -22402 - -4?
-22343
In base 14, what is 38 + b?
45
In base 6, what is -2 - -124?
122
In base 10, what is -3 - -2397?
2394
In base 15, what is 3878 - -4?
387c
In base 7, what is 1 - -12156?
12160
In base 11, what is -24 - -10?
-14
In base 9, what is 625 - -4?
630
In base 13, what is 16 + -7?
c
In base 8, what is -356 + 76?
-260
In base 3, what is 1111 + -201?
210
In base 15, what is 4e1 + 12?
503
In base 16, what is -5 + 18?
13
In base 12, what is 3 + -571?
-56a
In base 7, what is 0 + -26353?
-26353
In base 6, what is -104 - -1?
-103
In base 2, what is -110001 - -1000?
-101001
In base 15, what is 20a + 5?
210
In base 11, what is 3 + 9?
11
In base 9, what is -2833 - -4?
-2828
In base 12, what is -120 - -4?
-118
In base 16, what is 596 + 6?
59c
In base 7, what is -4 + 245?
241
In base 2, what is 10101 + 110?
11011
In base 2, what is -11010001 + -1?
-11010010
In base 11, what is 11377 - 2?
11375
In base 4, what is -11 + -23220?
-23231
In base 15, what is 3 - 738?
-735
In base 9, what is 0 - 2206?
-2206
In base 3, what is -1 - 120012?
-120020
In base 3, what is -11220 - 2?
-11222
In base 5, what is -10223 + 12?
-10211
In base 5, what is -34430 - -1?
-34424
In base 7, what is -10626 - -1?
-10625
In base 10, what is -3536 + 0?
-3536
In base 16, what is -8a + 1?
-89
In base 7, what is -55 + -403?
-461
In base 10, what is 2 - -29?
31
In base 13, what is -4417 + 0?
-4417
In base 12, what is 3 + -23?
-20
In base 12, what is 2 + -23?
-21
In base 16, what is 0 - 98?
-98
In base 5, what is 22 + -2030?
-2003
In base 6, what is 51 + -315?
-224
In base 4, what is 12 - -3202?
3220
In base 16, what is 1e - 52?
-34
In base 10, what is 29 + -91?
-62
In base 11, what is -2 - -55?
53
In base 4, what is -1 - 33112?
-33113
In base 6, what is -5 + -401?
-410
In base 9, what is 40 - 264?
-224
In base 9, what is 7 + 148?
156
In base 15, what is 5 + 62b?
631
In base 3, what is 11121 - -101?
11222
In base 7, what is -3 - 303?
-306
In base 15, what is -3 + 133?
130
In base 2, what is 110000 + -1111?
100001
In base 8, what is 2 + 5?
7
In base 15, what is -64 - e?
-73
In base 12, what is 18 - 88?
-70
In base 3, what is 1 - 1121011?
-1121010
In base 6, what is -1 + -2553?
-2554
In base 11, what is -2 - -a?
8
In base 2, what is -100 + -111111101001?
-111111101101
In base 3, what is -11 - 11012?
-11100
In base 9, what is -5 - 15?
-21
In base 10, what is 5215 + -4?
5211
In base 16, what is -3bb - 5?
-3c0
In base 16, what is f + -306?
-2f7
In base 10, what is -3 - 778?
-781
In base 11, what is -10 + -15?
-25
In base 13, what is -1 + -10a3?
-10a4
In base 9, what is 10 + -44?
-34
In base 5, what is 211414 - 10?
211404
In base 14, what is c0 + 4?
c4
In base 11, what is 839 + -3?
836
In base 16, what is -6 + -323?
-329
In base 3, what is -10021010 + -12?
-10021022
In base 16, what is 0 + -365?
-365
In base 8, what is 21 + 26?
47
In base 10, what is -3 - -1950?
1947
In base 2, what is 10100100 - 1010?
10011010
In base 9, what is 2017 + 4?
2022
In base 12, what is 6 + 109?
113
In base 16, what is 3 - 182f?
-182c
In base 12, what is 4 + 5b9?
601
In base 16, what is 684 - -4?
688
In base 12, what is 3a + 5?
43
In base 13, what is -2 - 1?
-3
In base 3, what is 1012 + -222?
20
In base 10, what is 64 + 174?
238
In base 7, what is 2 - -1632?
1634
In base 7, what is 2 - -5152?
5154
In base 16, what is -416 + -18?
-42e
In base 6, what is 4 - -31341?
31345
In base 14, what is -6 + -2?
-8
In base 10, what is -3 - -1?
-2
In base 6, what is 1 + 505?
510
In base 5, what is -42 - -104?
12
In base 11, what is -485 + -3?
-488
In base 3, what is 10 - -2201?
2211
In base 14, what is 3 - -5b?
60
In base 11, what is -6 + -282?
-288
In base 9, what is -1047 + -5?
-1053
In base 6, what is 200 - 5?
151
In base 8, what is -16 + -27?
-45
In base 6, what is 4 - 345?
-341
In base 8, what is -5 - -41?
34
In base 10, what is 4 - -178?
182
In base 2, what is -1 - -1111100100001?
1111100100000
In base 15, what is -16 - -c?
-9
In base 16, what is -1c + a?
-12
In base 8, what is -135 + -4?
-141
In base 5, what is -300201 - -10?
-300141
In base 9, what is -780 + -4?
-784
In base 16, what is 328 - 4?
324
In base 10, what is 3 - -13?
16
In base 4, what is 2 - 1211?
-1203
In base 9, what is 1 - -7543?
7544
In base 9, what is -2784 - -3?
-2781
In base 12, what is 3 - -37a?
381
In base 5, what is 30402 - 1?
30401
In base 10, what is -189 + 40?
-149
In base 12, what is 97 - -4?
9b
In base 16, what is 4 - 30?
-2c
In base 13, what is -9 + -113?
-11c
In base 5, what is 20430 - -2?
20432
In base 14, what is -a0 - 1?
-a1
In base 12, what is 0 + -4476?
-4476
In base 2, what is -10101 + -11001?
-101110
In base 3, what is -10112122 + 10?
-10112112
In base 15, what is 1 + 47?
48
In base 7, what is -3 + 23?
20
In base 5, what is 4 + 12422?
12431
In base 7, what is -5161 + -1?
-5162
In base 2, what is 101 - 1000010?
-111101
In base 3, what is -1121 - 1101?
-2222
In base 12, what is -5 - -484?
47b
In base 3, what is -2 + -221020?
-221022
In base 8, what is -123 + -7?
-132
In base 9, what is -310 + -25?
-335
In base 5, what is 443 + -20?
423
In base 4, what is -21223 + -1?
-21230
In base 3, what is 11102 - -12?
11121
In base 13, what is -8a01 + 3?
-89cb
In base 8, what is -20 - -136?
116
In base 15, what is 52 + 0?
52
In base 14, what is -283 - -4?
-27d
In base 3, what is -12120 - 12?
-12202
In base 9, what is 16 - 14?
2
In base 3, what is -1221 - 2002?
-11000
In base 9, what is -460 + 21?
-438
In base 5, what is 11201 - -2?
11203
In base 14, what is -1 - -52?
51
In base 9, what is -3 + -1060?
-1063
In base 2, what is 111 + 1001110?
1010101
In base 13, what is -2 - -19cc?
19ca
In base 11, what is 16 - 363?
-348
In base 11, what is -361 - -3?
-359
In base 16, what is -25f + 14?
-24b
In base 7, what is -6 + 1533?
1524
In base 5, what is 10 + -1213?
-1203
In base 9, what is 12433 + 2?
12435
In base 4, what is -231301 + 10?
-231231
In base 12, what is 4 + 1117?
111b
In base 5, what is -32 + 11011?
10424
In base 13, what is -16a - 0?
-16a
In base 10, what is 84 - 28?
56
In base 6, what is 4 + -42002?
-41554
In base 8, what is 1 + 1?
2
In base 16, what is -7 - 3?
-a
In base 7, what is -1106 - -4?
-1102
In base 16, what is -1 - -1f39?
1f38
In base 9, what is 778 + 16?
805
In base 3, what is 0 - 22011?
-22011
In base 10, what is 4 - 1361?
-1357
In base 7, what is 112 - 152?
-40
In base 13, what is -501 - 1?
-502
In base 7, what is 4163 + 3?
4166
In base 3, what is 0 - -112?
112
In base 9, what is -511 + -10?
-521
In base 2, what is 1010100 - -1000?
1011100
In base 2, what is 100 + 101011110?
101100010
In base 5, what is 4001 - -3?
4004
In base 11, what is -1 + 1068?
1067
In base 10, what is -11 - -1?
-10
In base 3, what is 0 - 1200?
-1200
In base 12, what is a6 + 6a?
154
In base 3, what is -2012 + -102?
-2121
In base 3, what is -120 - 2120?
-10010
In base 12, what is -4 + 3b?
37
In base 16, what is 2 + -1b?
-19
In base 15, what is 2 + 2db?
2dd
In base 11, what is 5 + -885?
-880
In base 16, what is 3 + bbc?
bbf
In base 14, what is -926 + 3?
-923
In base 13, what is 5 - -26?
2b
In base 7, what is 16 - -2330?
2346
In base 11, what is 251 + 0?
251
In base 14, what is 4 + a?
10
In base 6, what is 334 - 200?
134
In base 13, what is 26257 - 2?
26255
In base 9, what is 1483 + 5?
1488
In base 10, what is -1 + -61?
-62
In base 14, what is -40 - 82?
-c2
In base 16, what is 59 - 3?
56
In base 15, what is -3 - -118?
115
In base 6, what is 11 - 34?
-23
In base 4, what is 2 + 113122?
113130
In base 11, what is 3 + 814?
817
In base 2, what is -101 - 100011?
-101000
In base 15, what is 1 - -278?
279
In base 14, what is 29 + -33?
-8
In base 11, what is -99 - -49?
-50
In base 11, what is -6a - 8?
-77
In base 7, w